{"id":3484,"date":"2024-05-06T15:54:27","date_gmt":"2024-05-06T13:54:27","guid":{"rendered":"https:\/\/trilinguatime.vaniseo.pro\/?page_id=3484"},"modified":"2025-01-31T18:37:46","modified_gmt":"2025-01-31T17:37:46","slug":"conversation-neerlandais-francais","status":"publish","type":"page","link":"https:\/\/trilinguatime.vaniseo.pro\/index.php\/conversation-neerlandais-francais\/","title":{"rendered":"CONVERSATION NEERLANDAIS \/ FRAN\u00c7AIS"},"content":{"rendered":"\t\t<div data-elementor-type=\"wp-page\" data-elementor-id=\"3484\" class=\"elementor elementor-3484\" data-elementor-post-type=\"page\">\n\t\t\t\t<div class=\"elementor-element elementor-element-f71ef57 e-flex e-con-boxed e-con e-parent\" data-id=\"f71ef57\" data-element_type=\"container\">\n\t\t\t\t\t<div class=\"e-con-inner\">\n\t\t\t\t<div class=\"elementor-element elementor-element-7692d8a elementor-widget elementor-widget-spacer\" data-id=\"7692d8a\" data-element_type=\"widget\" data-widget_type=\"spacer.default\">\n\t\t\t\t<div class=\"elementor-widget-container\">\n\t\t\t\t\t\t\t<div class=\"elementor-spacer\">\n\t\t\t<div class=\"elementor-spacer-inner\"><\/div>\n\t\t<\/div>\n\t\t\t\t\t\t<\/div>\n\t\t\t\t<\/div>\n\t\t\t\t<div class=\"elementor-element elementor-element-63776ed elementor-widget elementor-widget-heading\" data-id=\"63776ed\" data-element_type=\"widget\" data-widget_type=\"heading.default\">\n\t\t\t\t<div class=\"elementor-widget-container\">\n\t\t\t\t\t<h2 class=\"elementor-heading-title elementor-size-default\">Principe<\/h2>\t\t\t\t<\/div>\n\t\t\t\t<\/div>\n\t\t\t\t\t<\/div>\n\t\t\t\t<\/div>\n\t\t<div class=\"elementor-element elementor-element-5357534 e-flex e-con-boxed e-con e-parent\" data-id=\"5357534\" data-element_type=\"container\">\n\t\t\t\t\t<div class=\"e-con-inner\">\n\t\t<div class=\"elementor-element elementor-element-900ee55 e-flex e-con-boxed e-con e-child\" data-id=\"900ee55\" data-element_type=\"container\">\n\t\t\t\t\t<div class=\"e-con-inner\">\n\t\t\t\t<div class=\"elementor-element elementor-element-068ae8d elementor-widget elementor-widget-text-editor\" data-id=\"068ae8d\" data-element_type=\"widget\" data-widget_type=\"text-editor.default\">\n\t\t\t\t<div class=\"elementor-widget-container\">\n\t\t\t\t\t\t\t\t\t<p><span style=\"font-weight: 400;\">Envie de pratiquer le n\u00e9erlandais ou le fran\u00e7ais en discutant avec une partenaire (moi\u00a0!) qui vous \u00e9coute attentivement, vous incite \u00e0 vous exprimer et vous offre un feed-back bienveillant afin d\u2019am\u00e9liorer votre expression orale\u00a0?<\/span><\/p><p><span style=\"font-weight: 400;\">Vous \u00eates au bon endroit\u00a0!<\/span><\/p><p><span style=\"font-weight: 400;\">Ici, vous n\u2019aurez pas de cours, mais, si besoin, ponctuellement des explications sous forme de r\u00e9sum\u00e9 qui vous aideront \u00e0 vous exprimer plus clairement, sans fautes et de fa\u00e7on de plus en plus fluide.<\/span><\/p>\t\t\t\t\t\t\t\t<\/div>\n\t\t\t\t<\/div>\n\t\t\t\t\t<\/div>\n\t\t\t\t<\/div>\n\t\t<div class=\"elementor-element elementor-element-0344033 e-flex e-con-boxed e-con e-child\" data-id=\"0344033\" data-element_type=\"container\">\n\t\t\t\t\t<div class=\"e-con-inner\">\n\t\t\t\t<div class=\"elementor-element elementor-element-c7e646e elementor-widget elementor-widget-image\" data-id=\"c7e646e\" data-element_type=\"widget\" data-widget_type=\"image.default\">\n\t\t\t\t<div class=\"elementor-widget-container\">\n\t\t\t\t\t\t\t\t\t\t\t\t\t\t\t<img fetchpriority=\"high\" decoding=\"async\" width=\"2048\" height=\"1365\" src=\"https:\/\/trilinguatime.vaniseo.pro\/wp-content\/uploads\/2024\/05\/femme-lors-videoconference-dans-son-bureau-domicile-pendant-pandemie-coronavirus-2048x1365.jpg\" class=\"attachment-2048x2048 size-2048x2048 wp-image-3575\" alt=\"\" srcset=\"https:\/\/trilinguatime.vaniseo.pro\/wp-content\/uploads\/2024\/05\/femme-lors-videoconference-dans-son-bureau-domicile-pendant-pandemie-coronavirus-2048x1365.jpg 2048w, https:\/\/trilinguatime.vaniseo.pro\/wp-content\/uploads\/2024\/05\/femme-lors-videoconference-dans-son-bureau-domicile-pendant-pandemie-coronavirus-300x200.jpg 300w, https:\/\/trilinguatime.vaniseo.pro\/wp-content\/uploads\/2024\/05\/femme-lors-videoconference-dans-son-bureau-domicile-pendant-pandemie-coronavirus-1024x683.jpg 1024w, https:\/\/trilinguatime.vaniseo.pro\/wp-content\/uploads\/2024\/05\/femme-lors-videoconference-dans-son-bureau-domicile-pendant-pandemie-coronavirus-768x512.jpg 768w, https:\/\/trilinguatime.vaniseo.pro\/wp-content\/uploads\/2024\/05\/femme-lors-videoconference-dans-son-bureau-domicile-pendant-pandemie-coronavirus-1536x1024.jpg 1536w\" sizes=\"(max-width: 2048px) 100vw, 2048px\" \/>\t\t\t\t\t\t\t\t\t\t\t\t\t\t\t<\/div>\n\t\t\t\t<\/div>\n\t\t\t\t\t<\/div>\n\t\t\t\t<\/div>\n\t\t\t\t\t<\/div>\n\t\t\t\t<\/div>\n\t\t<div class=\"elementor-element elementor-element-467711b e-flex e-con-boxed e-con e-parent\" data-id=\"467711b\" data-element_type=\"container\">\n\t\t\t\t\t<div class=\"e-con-inner\">\n\t\t\t\t<div class=\"elementor-element elementor-element-809c19d elementor-widget elementor-widget-spacer\" data-id=\"809c19d\" data-element_type=\"widget\" data-widget_type=\"spacer.default\">\n\t\t\t\t<div class=\"elementor-widget-container\">\n\t\t\t\t\t\t\t<div class=\"elementor-spacer\">\n\t\t\t<div class=\"elementor-spacer-inner\"><\/div>\n\t\t<\/div>\n\t\t\t\t\t\t<\/div>\n\t\t\t\t<\/div>\n\t\t\t\t\t<\/div>\n\t\t\t\t<\/div>\n\t\t<div class=\"elementor-element elementor-element-0241513 e-flex e-con-boxed e-con e-parent\" data-id=\"0241513\" data-element_type=\"container\">\n\t\t\t\t\t<div class=\"e-con-inner\">\n\t\t\t\t<div class=\"elementor-element elementor-element-170fa7c elementor-widget elementor-widget-heading\" data-id=\"170fa7c\" data-element_type=\"widget\" data-widget_type=\"heading.default\">\n\t\t\t\t<div class=\"elementor-widget-container\">\n\t\t\t\t\t<h2 class=\"elementor-heading-title elementor-size-default\">Prise des besoins : gratuit et sans engagement<\/h2>\t\t\t\t<\/div>\n\t\t\t\t<\/div>\n\t\t\t\t\t<\/div>\n\t\t\t\t<\/div>\n\t\t<div class=\"elementor-element elementor-element-7da93cf e-flex e-con-boxed e-con e-child\" data-id=\"7da93cf\" data-element_type=\"container\">\n\t\t\t\t\t<div class=\"e-con-inner\">\n\t\t\t\t<div class=\"elementor-element elementor-element-42d4e2b elementor-widget elementor-widget-text-editor\" data-id=\"42d4e2b\" data-element_type=\"widget\" data-widget_type=\"text-editor.default\">\n\t\t\t\t<div class=\"elementor-widget-container\">\n\t\t\t\t\t\t\t\t\t<p><span style=\"font-weight: 400;\">Lors d\u2019un appel t\u00e9l\u00e9phonique d\u2019une dur\u00e9e d\u2019environ 20 minutes, nous parlons de vos attentes et de vos disponibilit\u00e9s.\u00a0<\/span><\/p><p><span style=\"font-weight: 400;\">\ud83e\udc7a<\/span> <span style=\"font-weight: 400;\">Pour en b\u00e9n\u00e9ficier, il vous suffit de renseigner le formulaire ci-contre\u00a0:<\/span><\/p>\t\t\t\t\t\t\t\t<\/div>\n\t\t\t\t<\/div>\n\t\t\t\t\t<\/div>\n\t\t\t\t<\/div>\n\t\t<div class=\"elementor-element elementor-element-7717cdb e-flex e-con-boxed e-con e-parent\" data-id=\"7717cdb\" data-element_type=\"container\">\n\t\t\t\t\t<div class=\"e-con-inner\">\n\t\t\t\t<div class=\"elementor-element elementor-element-6f1b533 elementor-button-align-center elementor-widget elementor-widget-form\" data-id=\"6f1b533\" data-element_type=\"widget\" data-settings=\"{&quot;step_next_label&quot;:&quot;Next&quot;,&quot;step_previous_label&quot;:&quot;Previous&quot;,&quot;button_width&quot;:&quot;100&quot;,&quot;step_type&quot;:&quot;number_text&quot;,&quot;step_icon_shape&quot;:&quot;circle&quot;}\" data-widget_type=\"form.default\">\n\t\t\t\t<div class=\"elementor-widget-container\">\n\t\t\t\t\t\t\t<form class=\"elementor-form\" method=\"post\" name=\"New Form\">\n\t\t\t<input type=\"hidden\" name=\"post_id\" value=\"3484\"\/>\n\t\t\t<input type=\"hidden\" name=\"form_id\" value=\"6f1b533\"\/>\n\t\t\t<input type=\"hidden\" name=\"referer_title\" value=\"trilinguatime\" \/>\n\n\t\t\t\n\t\t\t<div class=\"elementor-form-fields-wrapper elementor-labels-above\">\n\t\t\t\t\t\t\t\t<div class=\"elementor-field-type-text elementor-field-group elementor-column elementor-field-group-name elementor-col-100\">\n\t\t\t\t\t\t\t\t\t\t\t\t<label for=\"form-field-name\" class=\"elementor-field-label\">\n\t\t\t\t\t\t\t\tNom\t\t\t\t\t\t\t<\/label>\n\t\t\t\t\t\t\t\t\t\t\t\t\t\t<input size=\"1\" type=\"text\" name=\"form_fields[name]\" id=\"form-field-name\" class=\"elementor-field elementor-size-sm  elementor-field-textual\" placeholder=\"Nom\">\n\t\t\t\t\t\t\t\t\t\t\t<\/div>\n\t\t\t\t\t\t\t\t<div class=\"elementor-field-type-text elementor-field-group elementor-column elementor-field-group-field_8769242 elementor-col-100\">\n\t\t\t\t\t\t\t\t\t\t\t\t<label for=\"form-field-field_8769242\" class=\"elementor-field-label\">\n\t\t\t\t\t\t\t\tPr\u00e9nom\t\t\t\t\t\t\t<\/label>\n\t\t\t\t\t\t\t\t\t\t\t\t\t\t<input size=\"1\" type=\"text\" name=\"form_fields[field_8769242]\" id=\"form-field-field_8769242\" class=\"elementor-field elementor-size-sm  elementor-field-textual\" placeholder=\"Pr\u00e9nom\">\n\t\t\t\t\t\t\t\t\t\t\t<\/div>\n\t\t\t\t\t\t\t\t<div class=\"elementor-field-type-email elementor-field-group elementor-column elementor-field-group-email elementor-col-100 elementor-field-required\">\n\t\t\t\t\t\t\t\t\t\t\t\t<label for=\"form-field-email\" class=\"elementor-field-label\">\n\t\t\t\t\t\t\t\tEmail\t\t\t\t\t\t\t<\/label>\n\t\t\t\t\t\t\t\t\t\t\t\t\t\t<input size=\"1\" type=\"email\" name=\"form_fields[email]\" id=\"form-field-email\" class=\"elementor-field elementor-size-sm  elementor-field-textual\" placeholder=\"Email\" required=\"required\">\n\t\t\t\t\t\t\t\t\t\t\t<\/div>\n\t\t\t\t\t\t\t\t<div class=\"elementor-field-type-text elementor-field-group elementor-column elementor-field-group-message elementor-col-100\">\n\t\t\t\t\t\t\t\t\t\t\t\t<label for=\"form-field-message\" class=\"elementor-field-label\">\n\t\t\t\t\t\t\t\tVille\/pays\t\t\t\t\t\t\t<\/label>\n\t\t\t\t\t\t\t\t\t\t\t\t\t\t<input size=\"1\" type=\"text\" name=\"form_fields[message]\" id=\"form-field-message\" class=\"elementor-field elementor-size-sm  elementor-field-textual\" placeholder=\"Ville\/pays\">\n\t\t\t\t\t\t\t\t\t\t\t<\/div>\n\t\t\t\t\t\t\t\t<div class=\"elementor-field-type-select elementor-field-group elementor-column elementor-field-group-field_a6c0a18 elementor-col-100\">\n\t\t\t\t\t\t\t\t\t\t\t\t<label for=\"form-field-field_a6c0a18\" class=\"elementor-field-label\">\n\t\t\t\t\t\t\t\tQuelle est la langue pour laquelle vous souhaitez un coaching ?\t\t\t\t\t\t\t<\/label>\n\t\t\t\t\t\t\t\t<div class=\"elementor-field elementor-select-wrapper remove-before \">\n\t\t\t<div class=\"select-caret-down-wrapper\">\n\t\t\t\t<svg aria-hidden=\"true\" class=\"e-font-icon-svg e-eicon-caret-down\" viewBox=\"0 0 571.4 571.4\" xmlns=\"http:\/\/www.w3.org\/2000\/svg\"><path d=\"M571 393Q571 407 561 418L311 668Q300 679 286 679T261 668L11 418Q0 407 0 393T11 368 36 357H536Q550 357 561 368T571 393Z\"><\/path><\/svg>\t\t\t<\/div>\n\t\t\t<select name=\"form_fields[field_a6c0a18]\" id=\"form-field-field_a6c0a18\" class=\"elementor-field-textual elementor-size-sm\">\n\t\t\t\t\t\t\t\t\t<option value=\"anglais\">anglais<\/option>\n\t\t\t\t\t\t\t\t\t<option value=\"fran\u00e7ais\">fran\u00e7ais<\/option>\n\t\t\t\t\t\t\t\t\t<option value=\"n\u00e9erlandais\">n\u00e9erlandais<\/option>\n\t\t\t\t\t\t\t<\/select>\n\t\t<\/div>\n\t\t\t\t\t\t<\/div>\n\t\t\t\t\t\t\t\t<div class=\"elementor-field-group elementor-column elementor-field-type-submit elementor-col-100 e-form__buttons\">\n\t\t\t\t\t<button class=\"elementor-button elementor-size-xs\" type=\"submit\">\n\t\t\t\t\t\t<span class=\"elementor-button-content-wrapper\">\n\t\t\t\t\t\t\t\t\t\t\t\t\t\t\t\t\t\t\t\t\t\t<span class=\"elementor-button-text\">Envoyer<\/span>\n\t\t\t\t\t\t\t\t\t\t\t\t\t<\/span>\n\t\t\t\t\t<\/button>\n\t\t\t\t<\/div>\n\t\t\t<\/div>\n\t\t<\/form>\n\t\t\t\t\t\t<\/div>\n\t\t\t\t<\/div>\n\t\t\t\t\t<\/div>\n\t\t\t\t<\/div>\n\t\t<div class=\"elementor-element elementor-element-ab59bb1 e-flex e-con-boxed e-con e-parent\" data-id=\"ab59bb1\" data-element_type=\"container\">\n\t\t\t\t\t<div class=\"e-con-inner\">\n\t\t\t\t<div class=\"elementor-element elementor-element-2f4d306 elementor-widget elementor-widget-spacer\" data-id=\"2f4d306\" data-element_type=\"widget\" data-widget_type=\"spacer.default\">\n\t\t\t\t<div class=\"elementor-widget-container\">\n\t\t\t\t\t\t\t<div class=\"elementor-spacer\">\n\t\t\t<div class=\"elementor-spacer-inner\"><\/div>\n\t\t<\/div>\n\t\t\t\t\t\t<\/div>\n\t\t\t\t<\/div>\n\t\t\t\t\t<\/div>\n\t\t\t\t<\/div>\n\t\t<div class=\"elementor-element elementor-element-86eb83d e-flex e-con-boxed e-con e-parent\" data-id=\"86eb83d\" data-element_type=\"container\">\n\t\t\t\t\t<div class=\"e-con-inner\">\n\t\t\t\t<div class=\"elementor-element elementor-element-93d373b elementor-widget elementor-widget-heading\" data-id=\"93d373b\" data-element_type=\"widget\" data-widget_type=\"heading.default\">\n\t\t\t\t<div class=\"elementor-widget-container\">\n\t\t\t\t\t<h2 class=\"elementor-heading-title elementor-size-default\">Tarif sessions de conversation<\/h2>\t\t\t\t<\/div>\n\t\t\t\t<\/div>\n\t\t\t\t\t<\/div>\n\t\t\t\t<\/div>\n\t\t<div class=\"elementor-element elementor-element-cf85265 e-flex e-con-boxed e-con e-parent\" data-id=\"cf85265\" data-element_type=\"container\">\n\t\t\t\t\t<div class=\"e-con-inner\">\n\t\t\t\t<div class=\"elementor-element elementor-element-3f205fd elementor-widget elementor-widget-text-editor\" data-id=\"3f205fd\" data-element_type=\"widget\" data-widget_type=\"text-editor.default\">\n\t\t\t\t<div class=\"elementor-widget-container\">\n\t\t\t\t\t\t\t\t\t<ol><li><p><strong>PAR SESSION :<\/strong><\/p><p><span style=\"font-weight: 400;\">20 \u20ac s\u00e9ance de 30 minutes<br \/>40 \u20ac s\u00e9ance de 60 minutes<br \/><br \/><\/span><\/p><\/li><li><span style=\"font-weight: 400;\"><span style=\"font-weight: 400;\"><strong>FORMULES :<\/strong><br \/><br \/><\/span><\/span><p><span style=\"font-weight: 400;\">Carnet de 5 s\u00e9ances de 30 minutes, valable 2 mois\u00a0: 95 \u20ac<\/span><span style=\"font-weight: 400;\"><br \/><\/span><span style=\"font-weight: 400;\">Carnet de 5 sessions de 60 minutes, valable 2 mois\u00a0: 190 \u20ac<br \/><\/span><span style=\"font-weight: 400;\">Carnet de 10 sessions de 30 minutes, valable 4 mois\u00a0: 190 \u20ac<br \/><\/span><span style=\"font-weight: 400;\">Carnet de 10 sessions de 60 minutes, valable 4 mois : 380 \u20ac<\/span><\/p><span style=\"font-weight: 400;\"><br \/><\/span><\/li><li><span style=\"font-weight: 400;\"><span style=\"font-weight: 400;\"><strong>ABONNEMENT\u00a0:<\/strong><br \/><br \/><\/span><\/span><p><span style=\"font-weight: 400;\">6 mois, 2h\/semaine\u00a0: 1680 \u20ac<br \/><\/span><span style=\"font-weight: 400;\">6 mois, 3h\/semaine\u00a0: 2160 \u20ac<br \/><\/span><\/p><span style=\"font-weight: 400;\"><br \/><em>*Les sessions sont payables \u00e0 l\u2019avance.<\/em><br \/><\/span><\/li><\/ol><p>\u00a0<\/p>\t\t\t\t\t\t\t\t<\/div>\n\t\t\t\t<\/div>\n\t\t\t\t\t<\/div>\n\t\t\t\t<\/div>\n\t\t<div class=\"elementor-element elementor-element-774cd60 e-flex e-con-boxed e-con e-parent\" data-id=\"774cd60\" data-element_type=\"container\">\n\t\t\t\t\t<div class=\"e-con-inner\">\n\t\t\t\t<div class=\"elementor-element elementor-element-499c7b1 elementor-widget elementor-widget-spacer\" data-id=\"499c7b1\" data-element_type=\"widget\" data-widget_type=\"spacer.default\">\n\t\t\t\t<div class=\"elementor-widget-container\">\n\t\t\t\t\t\t\t<div class=\"elementor-spacer\">\n\t\t\t<div class=\"elementor-spacer-inner\"><\/div>\n\t\t<\/div>\n\t\t\t\t\t\t<\/div>\n\t\t\t\t<\/div>\n\t\t\t\t\t<\/div>\n\t\t\t\t<\/div>\n\t\t\t\t<\/div>\n\t\t","protected":false},"excerpt":{"rendered":"<p>Principe Envie de pratiquer le n\u00e9erlandais ou le fran\u00e7ais en discutant avec une partenaire (moi\u00a0!) qui vous \u00e9coute attentivement, vous incite \u00e0 vous exprimer et vous offre un feed-back bienveillant afin d\u2019am\u00e9liorer votre expression orale\u00a0? Vous \u00eates au bon endroit\u00a0! Ici, vous n\u2019aurez pas de cours, mais, si besoin, ponctuellement des explications sous forme de&hellip;<\/p>\n","protected":false},"author":1,"featured_media":0,"parent":0,"menu_order":0,"comment_status":"closed","ping_status":"closed","template":"","meta":{"footnotes":""},"class_list":["post-3484","page","type-page","status-publish","hentry"],"yoast_head":"<!-- This site is optimized with the Yoast SEO plugin v24.4 - https:\/\/yoast.com\/wordpress\/plugins\/seo\/ -->\n<title>CONVERSATION NEERLANDAIS \/ FRAN\u00c7AIS - trilinguatime<\/title>\n<meta name=\"robots\" content=\"noindex, follow, max-snippet:-1, max-image-preview:large, max-video-preview:-1\" \/>\n<meta property=\"og:locale\" content=\"en_US\" \/>\n<meta property=\"og:type\" content=\"article\" \/>\n<meta property=\"og:title\" content=\"CONVERSATION NEERLANDAIS \/ FRAN\u00c7AIS - trilinguatime\" \/>\n<meta property=\"og:description\" content=\"Principe Envie de pratiquer le n\u00e9erlandais ou le fran\u00e7ais en discutant avec une partenaire (moi\u00a0!) qui vous \u00e9coute attentivement, vous incite \u00e0 vous exprimer et vous offre un feed-back bienveillant afin d\u2019am\u00e9liorer votre expression orale\u00a0? Vous \u00eates au bon endroit\u00a0! Ici, vous n\u2019aurez pas de cours, mais, si besoin, ponctuellement des explications sous forme de&hellip;\" \/>\n<meta property=\"og:url\" content=\"https:\/\/trilinguatime.vaniseo.pro\/index.php\/conversation-neerlandais-francais\/\" \/>\n<meta property=\"og:site_name\" content=\"trilinguatime\" \/>\n<meta property=\"article:modified_time\" content=\"2025-01-31T17:37:46+00:00\" \/>\n<meta property=\"og:image\" content=\"https:\/\/trilinguatime.vaniseo.pro\/wp-content\/uploads\/2024\/05\/femme-lors-videoconference-dans-son-bureau-domicile-pendant-pandemie-coronavirus-2048x1365.jpg\" \/>\n<meta name=\"twitter:card\" content=\"summary_large_image\" \/>\n<meta name=\"twitter:label1\" content=\"Est. reading time\" \/>\n\t<meta name=\"twitter:data1\" content=\"2 minutes\" \/>\n<script type=\"application\/ld+json\" class=\"yoast-schema-graph\">{\"@context\":\"https:\/\/schema.org\",\"@graph\":[{\"@type\":\"WebPage\",\"@id\":\"https:\/\/trilinguatime.vaniseo.pro\/index.php\/conversation-neerlandais-francais\/\",\"url\":\"https:\/\/trilinguatime.vaniseo.pro\/index.php\/conversation-neerlandais-francais\/\",\"name\":\"CONVERSATION NEERLANDAIS \/ FRAN\u00c7AIS - trilinguatime\",\"isPartOf\":{\"@id\":\"https:\/\/trilinguatime.vaniseo.pro\/#website\"},\"primaryImageOfPage\":{\"@id\":\"https:\/\/trilinguatime.vaniseo.pro\/index.php\/conversation-neerlandais-francais\/#primaryimage\"},\"image\":{\"@id\":\"https:\/\/trilinguatime.vaniseo.pro\/index.php\/conversation-neerlandais-francais\/#primaryimage\"},\"thumbnailUrl\":\"https:\/\/trilinguatime.vaniseo.pro\/wp-content\/uploads\/2024\/05\/femme-lors-videoconference-dans-son-bureau-domicile-pendant-pandemie-coronavirus-2048x1365.jpg\",\"datePublished\":\"2024-05-06T13:54:27+00:00\",\"dateModified\":\"2025-01-31T17:37:46+00:00\",\"breadcrumb\":{\"@id\":\"https:\/\/trilinguatime.vaniseo.pro\/index.php\/conversation-neerlandais-francais\/#breadcrumb\"},\"inLanguage\":\"en-US\",\"potentialAction\":[{\"@type\":\"ReadAction\",\"target\":[\"https:\/\/trilinguatime.vaniseo.pro\/index.php\/conversation-neerlandais-francais\/\"]}]},{\"@type\":\"ImageObject\",\"inLanguage\":\"en-US\",\"@id\":\"https:\/\/trilinguatime.vaniseo.pro\/index.php\/conversation-neerlandais-francais\/#primaryimage\",\"url\":\"https:\/\/trilinguatime.vaniseo.pro\/wp-content\/uploads\/2024\/05\/femme-lors-videoconference-dans-son-bureau-domicile-pendant-pandemie-coronavirus-scaled.jpg\",\"contentUrl\":\"https:\/\/trilinguatime.vaniseo.pro\/wp-content\/uploads\/2024\/05\/femme-lors-videoconference-dans-son-bureau-domicile-pendant-pandemie-coronavirus-scaled.jpg\",\"width\":2560,\"height\":1707,\"caption\":\"Woman in a video conference call in her home office during the coronavirus pandemic\"},{\"@type\":\"BreadcrumbList\",\"@id\":\"https:\/\/trilinguatime.vaniseo.pro\/index.php\/conversation-neerlandais-francais\/#breadcrumb\",\"itemListElement\":[{\"@type\":\"ListItem\",\"position\":1,\"name\":\"Accueil\",\"item\":\"https:\/\/trilinguatime.vaniseo.pro\/\"},{\"@type\":\"ListItem\",\"position\":2,\"name\":\"CONVERSATION NEERLANDAIS \/ FRAN\u00c7AIS\"}]},{\"@type\":\"WebSite\",\"@id\":\"https:\/\/trilinguatime.vaniseo.pro\/#website\",\"url\":\"https:\/\/trilinguatime.vaniseo.pro\/\",\"name\":\"trilinguatime\",\"description\":\"\",\"publisher\":{\"@id\":\"https:\/\/trilinguatime.vaniseo.pro\/#organization\"},\"potentialAction\":[{\"@type\":\"SearchAction\",\"target\":{\"@type\":\"EntryPoint\",\"urlTemplate\":\"https:\/\/trilinguatime.vaniseo.pro\/?s={search_term_string}\"},\"query-input\":{\"@type\":\"PropertyValueSpecification\",\"valueRequired\":true,\"valueName\":\"search_term_string\"}}],\"inLanguage\":\"en-US\"},{\"@type\":\"Organization\",\"@id\":\"https:\/\/trilinguatime.vaniseo.pro\/#organization\",\"name\":\"trilinguatime\",\"url\":\"https:\/\/trilinguatime.vaniseo.pro\/\",\"logo\":{\"@type\":\"ImageObject\",\"inLanguage\":\"en-US\",\"@id\":\"https:\/\/trilinguatime.vaniseo.pro\/#\/schema\/logo\/image\/\",\"url\":\"https:\/\/trilinguatime.vaniseo.pro\/wp-content\/uploads\/2024\/03\/Capture-decran-2024-03-07-a-15.18.03.png\",\"contentUrl\":\"https:\/\/trilinguatime.vaniseo.pro\/wp-content\/uploads\/2024\/03\/Capture-decran-2024-03-07-a-15.18.03.png\",\"width\":732,\"height\":248,\"caption\":\"trilinguatime\"},\"image\":{\"@id\":\"https:\/\/trilinguatime.vaniseo.pro\/#\/schema\/logo\/image\/\"}}]}<\/script>\n<!-- \/ Yoast SEO plugin. -->","yoast_head_json":{"title":"CONVERSATION NEERLANDAIS \/ FRAN\u00c7AIS - trilinguatime","robots":{"index":"noindex","follow":"follow","max-snippet":"max-snippet:-1","max-image-preview":"max-image-preview:large","max-video-preview":"max-video-preview:-1"},"og_locale":"en_US","og_type":"article","og_title":"CONVERSATION NEERLANDAIS \/ FRAN\u00c7AIS - trilinguatime","og_description":"Principe Envie de pratiquer le n\u00e9erlandais ou le fran\u00e7ais en discutant avec une partenaire (moi\u00a0!) qui vous \u00e9coute attentivement, vous incite \u00e0 vous exprimer et vous offre un feed-back bienveillant afin d\u2019am\u00e9liorer votre expression orale\u00a0? Vous \u00eates au bon endroit\u00a0! Ici, vous n\u2019aurez pas de cours, mais, si besoin, ponctuellement des explications sous forme de&hellip;","og_url":"https:\/\/trilinguatime.vaniseo.pro\/index.php\/conversation-neerlandais-francais\/","og_site_name":"trilinguatime","article_modified_time":"2025-01-31T17:37:46+00:00","og_image":[{"url":"https:\/\/trilinguatime.vaniseo.pro\/wp-content\/uploads\/2024\/05\/femme-lors-videoconference-dans-son-bureau-domicile-pendant-pandemie-coronavirus-2048x1365.jpg","type":"","width":"","height":""}],"twitter_card":"summary_large_image","twitter_misc":{"Est. reading time":"2 minutes"},"schema":{"@context":"https:\/\/schema.org","@graph":[{"@type":"WebPage","@id":"https:\/\/trilinguatime.vaniseo.pro\/index.php\/conversation-neerlandais-francais\/","url":"https:\/\/trilinguatime.vaniseo.pro\/index.php\/conversation-neerlandais-francais\/","name":"CONVERSATION NEERLANDAIS \/ FRAN\u00c7AIS - trilinguatime","isPartOf":{"@id":"https:\/\/trilinguatime.vaniseo.pro\/#website"},"primaryImageOfPage":{"@id":"https:\/\/trilinguatime.vaniseo.pro\/index.php\/conversation-neerlandais-francais\/#primaryimage"},"image":{"@id":"https:\/\/trilinguatime.vaniseo.pro\/index.php\/conversation-neerlandais-francais\/#primaryimage"},"thumbnailUrl":"https:\/\/trilinguatime.vaniseo.pro\/wp-content\/uploads\/2024\/05\/femme-lors-videoconference-dans-son-bureau-domicile-pendant-pandemie-coronavirus-2048x1365.jpg","datePublished":"2024-05-06T13:54:27+00:00","dateModified":"2025-01-31T17:37:46+00:00","breadcrumb":{"@id":"https:\/\/trilinguatime.vaniseo.pro\/index.php\/conversation-neerlandais-francais\/#breadcrumb"},"inLanguage":"en-US","potentialAction":[{"@type":"ReadAction","target":["https:\/\/trilinguatime.vaniseo.pro\/index.php\/conversation-neerlandais-francais\/"]}]},{"@type":"ImageObject","inLanguage":"en-US","@id":"https:\/\/trilinguatime.vaniseo.pro\/index.php\/conversation-neerlandais-francais\/#primaryimage","url":"https:\/\/trilinguatime.vaniseo.pro\/wp-content\/uploads\/2024\/05\/femme-lors-videoconference-dans-son-bureau-domicile-pendant-pandemie-coronavirus-scaled.jpg","contentUrl":"https:\/\/trilinguatime.vaniseo.pro\/wp-content\/uploads\/2024\/05\/femme-lors-videoconference-dans-son-bureau-domicile-pendant-pandemie-coronavirus-scaled.jpg","width":2560,"height":1707,"caption":"Woman in a video conference call in her home office during the coronavirus pandemic"},{"@type":"BreadcrumbList","@id":"https:\/\/trilinguatime.vaniseo.pro\/index.php\/conversation-neerlandais-francais\/#breadcrumb","itemListElement":[{"@type":"ListItem","position":1,"name":"Accueil","item":"https:\/\/trilinguatime.vaniseo.pro\/"},{"@type":"ListItem","position":2,"name":"CONVERSATION NEERLANDAIS \/ FRAN\u00c7AIS"}]},{"@type":"WebSite","@id":"https:\/\/trilinguatime.vaniseo.pro\/#website","url":"https:\/\/trilinguatime.vaniseo.pro\/","name":"trilinguatime","description":"","publisher":{"@id":"https:\/\/trilinguatime.vaniseo.pro\/#organization"},"potentialAction":[{"@type":"SearchAction","target":{"@type":"EntryPoint","urlTemplate":"https:\/\/trilinguatime.vaniseo.pro\/?s={search_term_string}"},"query-input":{"@type":"PropertyValueSpecification","valueRequired":true,"valueName":"search_term_string"}}],"inLanguage":"en-US"},{"@type":"Organization","@id":"https:\/\/trilinguatime.vaniseo.pro\/#organization","name":"trilinguatime","url":"https:\/\/trilinguatime.vaniseo.pro\/","logo":{"@type":"ImageObject","inLanguage":"en-US","@id":"https:\/\/trilinguatime.vaniseo.pro\/#\/schema\/logo\/image\/","url":"https:\/\/trilinguatime.vaniseo.pro\/wp-content\/uploads\/2024\/03\/Capture-decran-2024-03-07-a-15.18.03.png","contentUrl":"https:\/\/trilinguatime.vaniseo.pro\/wp-content\/uploads\/2024\/03\/Capture-decran-2024-03-07-a-15.18.03.png","width":732,"height":248,"caption":"trilinguatime"},"image":{"@id":"https:\/\/trilinguatime.vaniseo.pro\/#\/schema\/logo\/image\/"}}]}},"_links":{"self":[{"href":"https:\/\/trilinguatime.vaniseo.pro\/index.php\/wp-json\/wp\/v2\/pages\/3484","targetHints":{"allow":["GET"]}}],"collection":[{"href":"https:\/\/trilinguatime.vaniseo.pro\/index.php\/wp-json\/wp\/v2\/pages"}],"about":[{"href":"https:\/\/trilinguatime.vaniseo.pro\/index.php\/wp-json\/wp\/v2\/types\/page"}],"author":[{"embeddable":true,"href":"https:\/\/trilinguatime.vaniseo.pro\/index.php\/wp-json\/wp\/v2\/users\/1"}],"replies":[{"embeddable":true,"href":"https:\/\/trilinguatime.vaniseo.pro\/index.php\/wp-json\/wp\/v2\/comments?post=3484"}],"version-history":[{"count":32,"href":"https:\/\/trilinguatime.vaniseo.pro\/index.php\/wp-json\/wp\/v2\/pages\/3484\/revisions"}],"predecessor-version":[{"id":3883,"href":"https:\/\/trilinguatime.vaniseo.pro\/index.php\/wp-json\/wp\/v2\/pages\/3484\/revisions\/3883"}],"wp:attachment":[{"href":"https:\/\/trilinguatime.vaniseo.pro\/index.php\/wp-json\/wp\/v2\/media?parent=3484"}],"curies":[{"name":"wp","href":"https:\/\/api.w.org\/{rel}","templated":true}]}}